the greatest common factor of 47 and 67163.
47
What is the greatest common factor of 501 and 57782?
167
Calculate the highest common factor of 234 and 31642.
26
Calculate the highest common divisor of 20 and 637220.
20
What is the highest common factor of 14331 and 3417?
51
Calculate the highest common factor of 68130 and 270.
90
What is the greatest common divisor of 5283 and 63?
9
What is the greatest common divisor of 245 and 631806?
49
What is the greatest common divisor of 21 and 2107?
7
What is the highest common factor of 965686 and 519?
173
Calculate the highest common divisor of 24 and 857484.
12
What is the greatest common factor of 13 and 1550783?
13
Calculate the highest common divisor of 351098 and 154.
22
Calculate the highest common divisor of 6149 and 45474.
143
What is the greatest common factor of 212899 and 25225?
1009
What is the highest common divisor of 61719 and 7?
7
Calculate the highest common factor of 2716375 and 31.
31
Calculate the greatest common divisor of 36 and 292212.
36
Calculate the highest common divisor of 3199 and 27877.
457
What is the highest common divisor of 215 and 9847?
43
Calculate the highest common factor of 480 and 4040.
40
Calculate the greatest common divisor of 24 and 429528.
24
What is the greatest common divisor of 738 and 448622?
82
What is the highest common divisor of 67122 and 2970?
594
Calculate the greatest common divisor of 1263426 and 354.
354
Calculate the highest common divisor of 819 and 11011.
91
What is the greatest common divisor of 361299 and 747?
249
What is the greatest common factor of 4 and 682412?
4
What is the highest common factor of 1185 and 453697?
79
Calculate the highest common factor of 268 and 368567.
67
What is the greatest common factor of 37544 and 6318?
26
What is the highest common divisor of 6 and 30678?
6
Calculate the highest common divisor of 200547 and 18.
9
What is the highest common divisor of 757218 and 14?
14
Calculate the greatest common factor of 4216 and 736219.
527
Calculate the highest common factor of 1793316 and 370.
74
Calculate the greatest common factor of 339220 and 560.
140
What is the greatest common factor of 108 and 57204?
36
Calculate the highest common factor of 368 and 456.
8
Calculate the greatest common factor of 908 and 5492492.
908
Calculate the greatest common divisor of 14835 and 552765.
645
What is the highest common divisor of 3550 and 400?
50
What is the greatest common divisor of 328 and 11616?
8
What is the highest common divisor of 72 and 21141?
9
What is the highest common divisor of 368 and 69437?
23
What is the highest common factor of 265152 and 1?
1
What is the greatest common divisor of 5054644 and 5439?
1813
What is the greatest common divisor of 3069 and 3333?
33
What is the greatest common factor of 42028 and 1596?
532
Calculate the highest common divisor of 6 and 3102522.
6
What is the greatest common divisor of 2286 and 432?
18
What is the highest common divisor of 50 and 931525?
25
Calculate the greatest common divisor of 3648474 and 18.
18
Calculate the highest common factor of 460556 and 1164.
388
What is the greatest common factor of 23 and 189267?
23
What is the greatest common factor of 536382 and 33?
33
What is the greatest common divisor of 53233 and 2?
1
What is the highest common divisor of 27861 and 111?
111
Calculate the greatest common divisor of 170 and 33040.
10
Calculate the highest common factor of 138 and 1403046.
138
What is the greatest common divisor of 3468425 and 425?
425
What is the greatest common factor of 25466 and 476?
238
Calculate the greatest common divisor of 191 and 6024713.
191
Calculate the highest common divisor of 1332 and 9546.
222
Calculate the highest common factor of 1240 and 3460.
20
Calculate the highest common factor of 40 and 270472.
8
Calculate the greatest common divisor of 54 and 118242.
18
Calculate the greatest common divisor of 108 and 18387.
27
Calculate the greatest common factor of 3185 and 140465.
65
Calculate the greatest common divisor of 24192 and 537984.
1152
What is the greatest common factor of 104 and 31655?
13
Calculate the highest common divisor of 5212 and 33.
1
What is the greatest common divisor of 17 and 423759?
17
What is the greatest common divisor of 8989 and 101?
101
Calculate the greatest common divisor of 28159 and 117491.
971
Calculate the greatest common divisor of 243 and 380295.
243
Calculate the greatest common factor of 64 and 474928.
16
What is the greatest common divisor of 44751 and 252?
21
What is the highest common factor of 14283990 and 79?
79
What is the highest common divisor of 4898 and 4?
2
What is the highest common factor of 91399 and 308?
77
Calculate the highest common factor of 432419 and 52.
13
Calculate the highest common factor of 3431628 and 29.
29
What is the greatest common factor of 140556 and 1360?
68
What is the highest common divisor of 56 and 70504?
56
Calculate the greatest common factor of 1170 and 1176500.
130
What is the greatest common divisor of 301 and 91?
7
Calculate the greatest common factor of 48495 and 13359.
183
What is the greatest common factor of 18100 and 1800?
100
What is the greatest common divisor of 6592 and 11?
1
What is the highest common factor of 3170 and 99538?
634
Calculate the greatest common factor of 2 and 3513.
1
Calculate the greatest common divisor of 1005 and 240.
15
What is the greatest common factor of 38844 and 9462?
498
Calculate the highest common divisor of 33718 and 299.
23
What is the greatest common factor of 104 and 107432?
104
Calculate the greatest common factor of 109447 and 13.
13
What is the highest common factor of 669 and 9589?
223
Calculate the greatest common factor of 39 and 262041.
39
What is the highest common factor of 33 and 211772?
11
What is the highest common divisor of 2025 and 11016?
81
Calculate the greatest common factor of 608 and 1131336.
152
Calculate the highest common divisor of 1138 and 28.
2
What is the highest common divisor of 67813 and 238?
17
Calculate the greatest common factor of 134579 and 6372.
59
Calculate the highest common divisor of 105772 and 434.
62
What is the greatest common divisor of 2684 and 995093?
671
What is the greatest common divisor of 2 and 3819?
1
Calculate the greatest common divisor of 25 and 43985.
5
Calculate the highest common divisor of 639808 and 208.
208
What is the greatest common divisor of 826 and 182?
14
What is the highest common factor of 6 and 11763?
3
Calculate the highest common divisor of 13156 and 49764.
572
What is the greatest common factor of 95076 and 39672?
684
Calculate the greatest common divisor of 54441 and 774009.
2367
Calculate the greatest common divisor of 7231712 and 1072.
1072
What is the highest common factor of 660 and 605550?
330
What is the highest common factor of 3950 and 275?
25
Calculate the highest common factor of 1066300 and 400.
100
What is the greatest common divisor of 47063 and 152?
19
What is the highest common divisor of 15946 and 49504?
238
What is the highest common factor of 420 and 235340?
140
What is the highest common divisor of 2616 and 256?
8
Calculate the greatest common factor of 77228 and 1347.
449
Calculate the highest common factor of 141 and 5125773.
141
Calculate the highest common divisor of 954 and 518658.
318
Calculate the highest common divisor of 639 and 1099719.
639
Calculate the highest common divisor of 1904 and 86576.
112
What is the highest common divisor of 83835 and 1380?
345
Calculate the highest common divisor of 30 and 2940450.
30
Calculate the highest common factor of 745 and 535.
5
What is the highest common divisor of 620248 and 2928?
488
Calculate the greatest common divisor of 123 and 7011.
123
What is the highest common factor of 139635 and 3735?
45
What is the greatest common divisor of 1295287 and 133?
133
Calculate the greatest common factor of 4340711 and 41.
41
Calculate the highest common divisor of 356224 and 110.
22
Calculate the highest common divisor of 5 and 16505.
5
What is the highest common divisor of 270039 and 168?
21
What is the highest common factor of 20224 and 256?
256
Calculate the greatest common factor of 495 and 746262.
99
Calculate the greatest common factor of 10 and 160920.
10
Calculate the 